{"id":77,"date":"2021-01-03T09:06:14","date_gmt":"2021-01-03T08:06:14","guid":{"rendered":"https:\/\/www.quievreux.de\/?page_id=77"},"modified":"2024-12-14T13:46:23","modified_gmt":"2024-12-14T12:46:23","slug":"datenschutz","status":"publish","type":"page","link":"https:\/\/quievreux.de\/index.php\/datenschutz\/","title":{"rendered":"Impressum"},"content":{"rendered":"\n<div class=\"wp-block-group\"><div class=\"wp-block-group__inner-container is-layout-flow wp-block-group-is-layout-flow\">\n<p><\/p>\n<\/div><\/div>\n\n\n\n<p>Steffen Quievreux<br>Quievreux Consulting<br>Hainbuchenstra\u00dfe 10<br>61184 Karben<\/p>\n\n\n\n<p><strong>Kontakt<\/strong><br>Telefon: +4901608741138<\/p>\n\n\n\n<p><br>E-Mail: steffen.quievreux@gmail.com<\/p>\n\n\n\n<p><strong>Gewerbeanmeldung<\/strong><br>Die Gewerbeanmeldung nach \u00a7 34c GewO wurde am 01.12.2020 durch Stadtverwaltung Karben erteilt.<\/p>\n\n\n\n<p><strong>Redaktionell Verantwortlicher<\/strong><br>Steffen Quievreux<br>Hainbuchenstra\u00dfe 10<br>61184 Karben<\/p>\n\n\n\n<p><strong>Verbraucherstreitbeilegung\/Universalschlichtungsstelle<\/strong><br>Wir sind nicht bereit oder verpflichtet, an Streitbeilegungsverfahren vor einer Verbraucherschlichtungsstelle teilzunehmen.<\/p>\n\n\n\n<p><strong>Haftung f\u00fcr Inhalte<\/strong><br>Als Diensteanbieter sind wir gem\u00e4\u00df \u00a7 7 Abs.1 TMG f\u00fcr eigene Inhalte auf diesen Seiten nach den allgemeinen Gesetzen verantwortlich. Nach \u00a7\u00a7 8 bis 10 TMG sind wir als Diensteanbieter jedoch nicht verpflichtet, \u00fcbermittelte oder gespeicherte fremde Informationen zu \u00fcberwachen oder nach Umst\u00e4nden zu forschen, die auf eine rechtswidrige T\u00e4tigkeit hinweisen.<\/p>\n\n\n\n<p>Verpflichtungen zur Entfernung oder Sperrung der Nutzung von Informationen nach den allgemeinen Gesetzen bleiben hiervon unber\u00fchrt. Eine diesbez\u00fcgliche Haftung ist jedoch erst ab dem Zeitpunkt der<\/p>\n\n\n\n<p>Kenntnis einer konkreten Rechtsverletzung m\u00f6glich. Bei Bekanntwerden von entsprechenden Rechtsverletzungen werden wir diese Inhalte umgehend entfernen.<\/p>\n\n\n\n<p><br><strong>Haftung f\u00fcr Links<\/strong><br>Unser Angebot enth\u00e4lt Links zu externen Websites Dritter, auf deren Inhalte wir keinen Einfluss haben.<br>Deshalb k\u00f6nnen wir f\u00fcr diese fremden Inhalte auch keine Gew\u00e4hr \u00fcbernehmen. F\u00fcr die Inhalte der verlinkten Seiten ist stets der jeweilige Anbieter oder Betreiber der Seiten verantwortlich. Die verlinkten<br>Seiten wurden zum Zeitpunkt der Verlinkung auf m\u00f6gliche Rechtsverst\u00f6\u00dfe \u00fcberpr\u00fcft. Rechtswidrige Inhalte waren zum Zeitpunkt der Verlinkung nicht erkennbar.<\/p>\n","protected":false},"excerpt":{"rendered":"<p>Steffen QuievreuxQuievreux ConsultingHainbuchenstra\u00dfe 1061184 Karben KontaktTelefon: +4901608741138 E-Mail: steffen.quievreux@gmail.com GewerbeanmeldungDie Gewerbeanmeldung nach \u00a7 34c GewO wurde am 01.12.2020 durch Stadtverwaltung Karben erteilt. Redaktionell VerantwortlicherSteffen QuievreuxHainbuchenstra\u00dfe 1061184 Karben Verbraucherstreitbeilegung\/UniversalschlichtungsstelleWir sind nicht bereit oder verpflichtet, an Streitbeilegungsverfahren vor einer Verbraucherschlichtungsstelle teilzunehmen. Haftung f\u00fcr InhalteAls Diensteanbieter sind wir gem\u00e4\u00df \u00a7 7 Abs.1 TMG f\u00fcr eigene Inhalte auf diesen &hellip; <\/p>\n<p class=\"link-more\"><a href=\"https:\/\/quievreux.de\/index.php\/datenschutz\/\" class=\"more-link\"><span class=\"screen-reader-text\">\u201eImpressum\u201c <\/span>weiterlesen<\/a><\/p>\n","protected":false},"author":1,"featured_media":0,"parent":0,"menu_order":0,"comment_status":"closed","ping_status":"closed","template":"","meta":{"footnotes":""},"class_list":["post-77","page","type-page","status-publish","hentry","entry"],"yoast_head":"<!-- This site is optimized with the Yoast SEO plugin v27.5 - https:\/\/yoast.com\/product\/yoast-seo-wordpress\/ -->\n<title>Impressum &#8211; Verwandle Ideen in Content \u2013 Automatische Erstellung f\u00fcr alle Plattformen<\/title>\n<meta name=\"robots\" content=\"index, follow, max-snippet:-1, max-image-preview:large, max-video-preview:-1\" \/>\n<link rel=\"canonical\" href=\"https:\/\/quievreux.de\/index.php\/datenschutz\/\" \/>\n<meta property=\"og:locale\" content=\"de_DE\" \/>\n<meta property=\"og:type\" content=\"article\" \/>\n<meta property=\"og:title\" content=\"Impressum &#8211; Verwandle Ideen in Content \u2013 Automatische Erstellung f\u00fcr alle Plattformen\" \/>\n<meta property=\"og:description\" content=\"Steffen QuievreuxQuievreux ConsultingHainbuchenstra\u00dfe 1061184 Karben KontaktTelefon: +4901608741138 E-Mail: steffen.quievreux@gmail.com GewerbeanmeldungDie Gewerbeanmeldung nach \u00a7 34c GewO wurde am 01.12.2020 durch Stadtverwaltung Karben erteilt. Redaktionell VerantwortlicherSteffen QuievreuxHainbuchenstra\u00dfe 1061184 Karben Verbraucherstreitbeilegung\/UniversalschlichtungsstelleWir sind nicht bereit oder verpflichtet, an Streitbeilegungsverfahren vor einer Verbraucherschlichtungsstelle teilzunehmen. Haftung f\u00fcr InhalteAls Diensteanbieter sind wir gem\u00e4\u00df \u00a7 7 Abs.1 TMG f\u00fcr eigene Inhalte auf diesen &hellip; \u201eImpressum\u201c weiterlesen\" \/>\n<meta property=\"og:url\" content=\"https:\/\/quievreux.de\/index.php\/datenschutz\/\" \/>\n<meta property=\"og:site_name\" content=\"Verwandle Ideen in Content \u2013 Automatische Erstellung f\u00fcr alle Plattformen\" \/>\n<meta property=\"article:modified_time\" content=\"2024-12-14T12:46:23+00:00\" \/>\n<meta name=\"twitter:card\" content=\"summary_large_image\" \/>\n<meta name=\"twitter:label1\" content=\"Gesch\u00e4tzte Lesezeit\" \/>\n\t<meta name=\"twitter:data1\" content=\"2\u00a0Minuten\" \/>\n<script type=\"application\/ld+json\" class=\"yoast-schema-graph\">{\"@context\":\"https:\\\/\\\/schema.org\",\"@graph\":[{\"@type\":\"WebPage\",\"@id\":\"https:\\\/\\\/quievreux.de\\\/index.php\\\/datenschutz\\\/\",\"url\":\"https:\\\/\\\/quievreux.de\\\/index.php\\\/datenschutz\\\/\",\"name\":\"Impressum &#8211; Verwandle Ideen in Content \u2013 Automatische Erstellung f\u00fcr alle Plattformen\",\"isPartOf\":{\"@id\":\"https:\\\/\\\/quievreux.de\\\/#website\"},\"datePublished\":\"2021-01-03T08:06:14+00:00\",\"dateModified\":\"2024-12-14T12:46:23+00:00\",\"breadcrumb\":{\"@id\":\"https:\\\/\\\/quievreux.de\\\/index.php\\\/datenschutz\\\/#breadcrumb\"},\"inLanguage\":\"de\",\"potentialAction\":[{\"@type\":\"ReadAction\",\"target\":[\"https:\\\/\\\/quievreux.de\\\/index.php\\\/datenschutz\\\/\"]}]},{\"@type\":\"BreadcrumbList\",\"@id\":\"https:\\\/\\\/quievreux.de\\\/index.php\\\/datenschutz\\\/#breadcrumb\",\"itemListElement\":[{\"@type\":\"ListItem\",\"position\":1,\"name\":\"Home\",\"item\":\"https:\\\/\\\/quievreux.de\\\/\"},{\"@type\":\"ListItem\",\"position\":2,\"name\":\"Impressum\"}]},{\"@type\":\"WebSite\",\"@id\":\"https:\\\/\\\/quievreux.de\\\/#website\",\"url\":\"https:\\\/\\\/quievreux.de\\\/\",\"name\":\"Quievreux Consulting\",\"description\":\"Quievreux Consulting \u2013 Dein Partner f\u00fcr Content-Automatisierung\",\"potentialAction\":[{\"@type\":\"SearchAction\",\"target\":{\"@type\":\"EntryPoint\",\"urlTemplate\":\"https:\\\/\\\/quievreux.de\\\/?s={search_term_string}\"},\"query-input\":{\"@type\":\"PropertyValueSpecification\",\"valueRequired\":true,\"valueName\":\"search_term_string\"}}],\"inLanguage\":\"de\"}]}<\/script>\n<!-- \/ Yoast SEO plugin. -->","yoast_head_json":{"title":"Impressum &#8211; Verwandle Ideen in Content \u2013 Automatische Erstellung f\u00fcr alle Plattformen","robots":{"index":"index","follow":"follow","max-snippet":"max-snippet:-1","max-image-preview":"max-image-preview:large","max-video-preview":"max-video-preview:-1"},"canonical":"https:\/\/quievreux.de\/index.php\/datenschutz\/","og_locale":"de_DE","og_type":"article","og_title":"Impressum &#8211; Verwandle Ideen in Content \u2013 Automatische Erstellung f\u00fcr alle Plattformen","og_description":"Steffen QuievreuxQuievreux ConsultingHainbuchenstra\u00dfe 1061184 Karben KontaktTelefon: +4901608741138 E-Mail: steffen.quievreux@gmail.com GewerbeanmeldungDie Gewerbeanmeldung nach \u00a7 34c GewO wurde am 01.12.2020 durch Stadtverwaltung Karben erteilt. Redaktionell VerantwortlicherSteffen QuievreuxHainbuchenstra\u00dfe 1061184 Karben Verbraucherstreitbeilegung\/UniversalschlichtungsstelleWir sind nicht bereit oder verpflichtet, an Streitbeilegungsverfahren vor einer Verbraucherschlichtungsstelle teilzunehmen. Haftung f\u00fcr InhalteAls Diensteanbieter sind wir gem\u00e4\u00df \u00a7 7 Abs.1 TMG f\u00fcr eigene Inhalte auf diesen &hellip; \u201eImpressum\u201c weiterlesen","og_url":"https:\/\/quievreux.de\/index.php\/datenschutz\/","og_site_name":"Verwandle Ideen in Content \u2013 Automatische Erstellung f\u00fcr alle Plattformen","article_modified_time":"2024-12-14T12:46:23+00:00","twitter_card":"summary_large_image","twitter_misc":{"Gesch\u00e4tzte Lesezeit":"2\u00a0Minuten"},"schema":{"@context":"https:\/\/schema.org","@graph":[{"@type":"WebPage","@id":"https:\/\/quievreux.de\/index.php\/datenschutz\/","url":"https:\/\/quievreux.de\/index.php\/datenschutz\/","name":"Impressum &#8211; Verwandle Ideen in Content \u2013 Automatische Erstellung f\u00fcr alle Plattformen","isPartOf":{"@id":"https:\/\/quievreux.de\/#website"},"datePublished":"2021-01-03T08:06:14+00:00","dateModified":"2024-12-14T12:46:23+00:00","breadcrumb":{"@id":"https:\/\/quievreux.de\/index.php\/datenschutz\/#breadcrumb"},"inLanguage":"de","potentialAction":[{"@type":"ReadAction","target":["https:\/\/quievreux.de\/index.php\/datenschutz\/"]}]},{"@type":"BreadcrumbList","@id":"https:\/\/quievreux.de\/index.php\/datenschutz\/#breadcrumb","itemListElement":[{"@type":"ListItem","position":1,"name":"Home","item":"https:\/\/quievreux.de\/"},{"@type":"ListItem","position":2,"name":"Impressum"}]},{"@type":"WebSite","@id":"https:\/\/quievreux.de\/#website","url":"https:\/\/quievreux.de\/","name":"Quievreux Consulting","description":"Quievreux Consulting \u2013 Dein Partner f\u00fcr Content-Automatisierung","potentialAction":[{"@type":"SearchAction","target":{"@type":"EntryPoint","urlTemplate":"https:\/\/quievreux.de\/?s={search_term_string}"},"query-input":{"@type":"PropertyValueSpecification","valueRequired":true,"valueName":"search_term_string"}}],"inLanguage":"de"}]}},"_links":{"self":[{"href":"https:\/\/quievreux.de\/index.php\/wp-json\/wp\/v2\/pages\/77","targetHints":{"allow":["GET"]}}],"collection":[{"href":"https:\/\/quievreux.de\/index.php\/wp-json\/wp\/v2\/pages"}],"about":[{"href":"https:\/\/quievreux.de\/index.php\/wp-json\/wp\/v2\/types\/page"}],"author":[{"embeddable":true,"href":"https:\/\/quievreux.de\/index.php\/wp-json\/wp\/v2\/users\/1"}],"replies":[{"embeddable":true,"href":"https:\/\/quievreux.de\/index.php\/wp-json\/wp\/v2\/comments?post=77"}],"version-history":[{"count":10,"href":"https:\/\/quievreux.de\/index.php\/wp-json\/wp\/v2\/pages\/77\/revisions"}],"predecessor-version":[{"id":500,"href":"https:\/\/quievreux.de\/index.php\/wp-json\/wp\/v2\/pages\/77\/revisions\/500"}],"wp:attachment":[{"href":"https:\/\/quievreux.de\/index.php\/wp-json\/wp\/v2\/media?parent=77"}],"curies":[{"name":"wp","href":"https:\/\/api.w.org\/{rel}","templated":true}]}}